{"id":182310,"date":"2024-08-07T13:23:06","date_gmt":"2024-08-07T11:23:06","guid":{"rendered":"https:\/\/deutsche-literaturgesellschaft.de\/?post_type=product&#038;p=182310"},"modified":"2026-06-10T15:08:13","modified_gmt":"2026-06-10T13:08:13","slug":"ich-ziehe-gern-die-maske-runter-koch","status":"publish","type":"product","link":"https:\/\/deutsche-literaturgesellschaft.de\/en\/product\/ich-ziehe-gern-die-maske-runter-koch\/","title":{"rendered":"Ich ziehe gern die Maske runter (Koch)"},"content":{"rendered":"","protected":false},"excerpt":{"rendered":"<p>Die Autorin durchleuchtet mit Humor und Beobachtungsgabe das Verhalten ihrer Mitmenschen, Vorkommnisse des t\u00e4glichen Lebens, festgefahrene \u00dcberlieferungen und moralische Gesetze.<\/p>\n<p>Ihre klare, naturwissenschaftliche Denkweise bringt den Leser ohne erhobenen Zeigefinger zum Lachen, wenn sie den, oft auch wunden, Punkt trifft.<span class=\"Apple-converted-space\">\u00a0<\/span><\/p>\n<p>Ein Sch\u00f6pfl\u00f6ffel voll sprudelnden Lebens, schluckweise zu genie\u00dfen, inhaltsreich, aber nicht schwer verdaulich.<\/p>\n<p>Zum Lachen, Nachdenken, Entspannen und in geselliger Runde.<\/p>\n<p>&nbsp;<\/p>\n<p><a href=\"https:\/\/deutsche-literaturgesellschaft.de\/wp-content\/uploads\/2024\/08\/Leseprobe_Koch.pdf\">Leseprobe_Koch<\/a><\/p>\n<p>\u201eDer Optimist schaut froh nach vorn.<\/p>\n<p>Der Pessimist sieht jeden Dorn.<\/p>\n<p>Drum sehen beide ziemlich sp\u00e4t<\/p>\n<p>das Nahen der Realit\u00e4t.\u201c<\/p>\n<p>&nbsp;<\/p>\n<p>&nbsp;<\/p>\n<p>Ich ziehe gern die Maske runter \u2013 Nicht immer ist was Bess\u2019res drunter, Helma Koch, gebunden, 96 Seiten, 18\u20ac<\/p>\n<p>&nbsp;<\/p>\n<p><a href=\"https:\/\/www.otv.de\/mediathek\/video\/kulturfreitag-ich-ziehe-gern-die-maske-runter-gedichte-von-helma-koch\/\">Helma Koch in conversation with Philipp Gehringer<\/a><\/p>\n<p><img loading=\"lazy\" decoding=\"async\" class=\"alignnone size-medium wp-image-182556\" src=\"https:\/\/deutsche-literaturgesellschaft.de\/wp-content\/uploads\/2024\/08\/Bildschirmfoto-2026-06-10-um-14.53.38-300x159.png\" alt=\"\" width=\"300\" height=\"159\" srcset=\"https:\/\/deutsche-literaturgesellschaft.de\/wp-content\/uploads\/2024\/08\/Bildschirmfoto-2026-06-10-um-14.53.38-300x159.png 300w, https:\/\/deutsche-literaturgesellschaft.de\/wp-content\/uploads\/2024\/08\/Bildschirmfoto-2026-06-10-um-14.53.38-1024x541.png 1024w, https:\/\/deutsche-literaturgesellschaft.de\/wp-content\/uploads\/2024\/08\/Bildschirmfoto-2026-06-10-um-14.53.38-768x406.png 768w, https:\/\/deutsche-literaturgesellschaft.de\/wp-content\/uploads\/2024\/08\/Bildschirmfoto-2026-06-10-um-14.53.38-1536x812.png 1536w, https:\/\/deutsche-literaturgesellschaft.de\/wp-content\/uploads\/2024\/08\/Bildschirmfoto-2026-06-10-um-14.53.38-2048x1082.png 2048w, https:\/\/deutsche-literaturgesellschaft.de\/wp-content\/uploads\/2024\/08\/Bildschirmfoto-2026-06-10-um-14.53.38-18x10.png 18w, https:\/\/deutsche-literaturgesellschaft.de\/wp-content\/uploads\/2024\/08\/Bildschirmfoto-2026-06-10-um-14.53.38-1000x529.png 1000w, https:\/\/deutsche-literaturgesellschaft.de\/wp-content\/uploads\/2024\/08\/Bildschirmfoto-2026-06-10-um-14.53.38-230x122.png 230w, https:\/\/deutsche-literaturgesellschaft.de\/wp-content\/uploads\/2024\/08\/Bildschirmfoto-2026-06-10-um-14.53.38-350x185.png 350w, https:\/\/deutsche-literaturgesellschaft.de\/wp-content\/uploads\/2024\/08\/Bildschirmfoto-2026-06-10-um-14.53.38-480x254.png 480w, https:\/\/deutsche-literaturgesellschaft.de\/wp-content\/uploads\/2024\/08\/Bildschirmfoto-2026-06-10-um-14.53.38-800x423.png 800w\" sizes=\"auto, (max-width: 300px) 100vw, 300px\" \/><\/p>","protected":false},"featured_media":182312,"comment_status":"closed","ping_status":"closed","template":"","meta":[],"product_brand":[],"product_cat":[113],"product_tag":[],"class_list":["post-182310","product","type-product","status-publish","has-post-thumbnail","product_cat-lyrik","product_author-helma-koch","first","instock","taxable","shipping-taxable","purchasable","product-type-simple"],"_links":{"self":[{"href":"https:\/\/deutsche-literaturgesellschaft.de\/en\/wp-json\/wp\/v2\/product\/182310","targetHints":{"allow":["GET"]}}],"collection":[{"href":"https:\/\/deutsche-literaturgesellschaft.de\/en\/wp-json\/wp\/v2\/product"}],"about":[{"href":"https:\/\/deutsche-literaturgesellschaft.de\/en\/wp-json\/wp\/v2\/types\/product"}],"replies":[{"embeddable":true,"href":"https:\/\/deutsche-literaturgesellschaft.de\/en\/wp-json\/wp\/v2\/comments?post=182310"}],"wp:featuredmedia":[{"embeddable":true,"href":"https:\/\/deutsche-literaturgesellschaft.de\/en\/wp-json\/wp\/v2\/media\/182312"}],"wp:attachment":[{"href":"https:\/\/deutsche-literaturgesellschaft.de\/en\/wp-json\/wp\/v2\/media?parent=182310"}],"wp:term":[{"taxonomy":"product_brand","embeddable":true,"href":"https:\/\/deutsche-literaturgesellschaft.de\/en\/wp-json\/wp\/v2\/product_brand?post=182310"},{"taxonomy":"product_cat","embeddable":true,"href":"https:\/\/deutsche-literaturgesellschaft.de\/en\/wp-json\/wp\/v2\/product_cat?post=182310"},{"taxonomy":"product_tag","embeddable":true,"href":"https:\/\/deutsche-literaturgesellschaft.de\/en\/wp-json\/wp\/v2\/product_tag?post=182310"}],"curies":[{"name":"wp","href":"https:\/\/api.w.org\/{rel}","templated":true}]}}

<p>Die Autorin durchleuchtet mit Humor und Beobachtungsgabe das Verhalten ihrer Mitmenschen, Vorkommnisse des täglichen Lebens, festgefahrene Überlieferungen und moralische Gesetze.</p>
<p>Ihre klare, naturwissenschaftliche Denkweise bringt den Leser ohne erhobenen Zeigefinger zum Lachen, wenn sie den, oft auch wunden, Punkt trifft.<span class="Apple-converted-space"> </span></p>
<p>Ein Schöpflöffel voll sprudelnden Lebens, schluckweise zu genießen, inhaltsreich, aber nicht schwer verdaulich.</p>
<p>Zum Lachen, Nachdenken, Entspannen und in geselliger Runde.</p>
<p>&nbsp;</p>
<p><a href="https://deutsche-literaturgesellschaft.de/wp-content/uploads/2024/08/Leseprobe_Koch.pdf">Leseprobe_Koch</a></p>
<p>„Der Optimist schaut froh nach vorn.</p>
<p>Der Pessimist sieht jeden Dorn.</p>
<p>Drum sehen beide ziemlich spät</p>
<p>das Nahen der Realität.“</p>
<p>&nbsp;</p>
<p>&nbsp;</p>
<p>Ich ziehe gern die Maske runter – Nicht immer ist was Bess’res drunter, Helma Koch, gebunden, 96 Seiten, 18€</p>
<p>&nbsp;</p>
<p><a href="https://www.otv.de/mediathek/video/kulturfreitag-ich-ziehe-gern-die-maske-runter-gedichte-von-helma-koch/">Helma Koch in conversation with Philipp Gehringer</a></p>
<p><img loading="lazy" decoding="async" class="alignnone size-medium wp-image-182556" src="https://deutsche-literaturgesellschaft.de/wp-content/uploads/2024/08/Bildschirmfoto-2026-06-10-um-14.53.38-300x159.png" alt="" width="300" height="159" srcset="https://deutsche-literaturgesellschaft.de/wp-content/uploads/2024/08/Bildschirmfoto-2026-06-10-um-14.53.38-300x159.png 300w, https://deutsche-literaturgesellschaft.de/wp-content/uploads/2024/08/Bildschirmfoto-2026-06-10-um-14.53.38-1024x541.png 1024w, https://deutsche-literaturgesellschaft.de/wp-content/uploads/2024/08/Bildschirmfoto-2026-06-10-um-14.53.38-768x406.png 768w, https://deutsche-literaturgesellschaft.de/wp-content/uploads/2024/08/Bildschirmfoto-2026-06-10-um-14.53.38-1536x812.png 1536w, https://deutsche-literaturgesellschaft.de/wp-content/uploads/2024/08/Bildschirmfoto-2026-06-10-um-14.53.38-2048x1082.png 2048w, https://deutsche-literaturgesellschaft.de/wp-content/uploads/2024/08/Bildschirmfoto-2026-06-10-um-14.53.38-18x10.png 18w, https://deutsche-literaturgesellschaft.de/wp-content/uploads/2024/08/Bildschirmfoto-2026-06-10-um-14.53.38-1000x529.png 1000w, https://deutsche-literaturgesellschaft.de/wp-content/uploads/2024/08/Bildschirmfoto-2026-06-10-um-14.53.38-230x122.png 230w, https://deutsche-literaturgesellschaft.de/wp-content/uploads/2024/08/Bildschirmfoto-2026-06-10-um-14.53.38-350x185.png 350w, https://deutsche-literaturgesellschaft.de/wp-content/uploads/2024/08/Bildschirmfoto-2026-06-10-um-14.53.38-480x254.png 480w, https://deutsche-literaturgesellschaft.de/wp-content/uploads/2024/08/Bildschirmfoto-2026-06-10-um-14.53.38-800x423.png 800w" sizes="auto, (max-width: 300px) 100vw, 300px" /></p>
